World Forecast Directory
El Dorado Weather Logo
U.S. Color IR Sat North America Color Background Satellite Thumb
Norcal Dual-Pol Radar Live Northern California Doppler Radar Thumbnail Image
Pacific NW Visible Sat Regional U.S. Radar
Pacific NW Radar Regional U.S. Radar
Storm Cell Tracking Live Northern California Radar and Satellite Thumbnail Image
Street Level Radar Live U.S. Google Map Radar Thumbnail Image
Live Lightning Radar Placerville California Lightning Detection Radar Thumbnail Image
Live Streaming Webcam Placerville California Live Streaming WebCam Thumbnail Image
Local Wx Station Data Sacramento, Northern Sierra Nevada & the Motherlode Area Current Weather Conditions

NOAA Climate Report From: Placerville, Ca. Weather Station (EDWPC)

Archives below start from 6/22/2006 to the present:
2017: Jan | Feb | Mar | Apr | May | Jun | Jul | Aug | Sep | Oct | Nov | Dec 
2016: Jan | Feb | Mar | Apr | May | Jun | Jul | Aug | Sep | Oct | Nov | Dec 
2015: Jan | Feb | Mar | Apr | May | Jun | Jul | Aug | Sep | Oct | Nov | Dec 
2014: Jan | Feb | Mar | Apr | May | Jun | Jul | Aug | Sep | Oct | Nov | Dec 
2013: Jan | Feb | Mar | Apr | May | Jun | Jul | Aug | Sep | Oct | Nov | Dec 
2012: Jan | Feb | Mar | Apr | May | Jun | Jul | Aug | Sep | Oct | Nov | Dec 
2011: Jan | Feb | Mar | Apr | May | Jun | Jul | Aug | Sep | Oct | Nov | Dec 
2010: Jan | Feb | Mar | Apr | May | Jun | Jul | Aug | Sep | Oct | Nov | Dec 
2009: Jan | Feb | Mar | Apr | May | Jun | Jul | Aug | Sep | Oct | Nov | Dec 
2008: Jan | Feb | Mar | Apr | May | Jun | Jul | Aug | Sep | Oct | Nov | Dec 
2007: Jan | Feb | Mar | Apr | May | Jun | Jul | Aug | Sep | Oct | Nov | Dec 
 2006: Jan | Feb | Mar | Apr | May | Jun | Jul | Aug | Sep | Oct | Nov | Dec 

Report for 2017 05 MONTHLY CLIMATOLOGICAL SUMMARY FOR 5/2017 HEAT COOL MEAN DEG DEG WIND SPEED DOM MEAN MEAN DAY TEMP HIGH TIME LOW TIME DAYS DAYS RAIN AVG HI TIME DIR BAROM HUM --------------------------------------------------------------------------------------- 1 68.4 88.3 3:55pm 50.7 5:02am 10 9 0.00 0 0 12:00am WNW1018.37 50 2 71.4 90.7 3:48pm 56.2 6:40am 7 9 0.00 0 0 12:00am WSW1015.90 51 3 74.7 93.5 4:03pm 59.0 6:49am 6 12 0.00 0 0 12:00am WSW1015.52 53 4 75.2 92.6 4:03pm 63.6 4:28am 5 11 0.00 0 0 12:00am WSW1014.29 55 5 66.2 79.4 3:02pm 52.9 11:59pm 10 5 0.00 0 0 12:00am WSW1012.91 60 6 53.4 64.0 5:40pm 45.5 7:59am 22 0 0.01 0 0 12:00am WSW1010.37 71 7 58.0 73.7 5:03pm 48.6 6:31am 17 1 0.01 0 1 5:05pm WSW1011.40 73 8 64.0 82.0 5:03pm 50.0 6:23am 12 5 0.00 0 1 12:00am WSW1014.88 64 9 67.6 87.4 4:22pm 51.0 6:33am 10 7 0.00 0 1 12:00am WSW1012.33 54 10 63.6 77.0 3:54pm 52.7 11:58pm 12 3 0.00 0 1 12:00am WSW1016.78 63 11 58.2 71.8 3:52pm 47.3 6:31am 17 1 0.00 0 1 12:00am WSW1022.52 71 12 56.3 70.4 4:02pm 45.5 7:12am 19 1 0.00 0 1 12:00am WSW1021.47 58 13 54.4 71.5 4:28pm 41.2 6:42am 21 1 0.00 0 1 12:00am W1019.40 55 14 55.1 72.0 3:11pm 39.8 6:00am 20 2 0.00 0 1 12:00am WSW1014.77 53 15 58.0 76.7 3:59pm 42.6 7:08am 17 3 0.00 0 1 12:00am WSW1013.47 54 16 52.2 59.8 3:34pm 46.2 5:25am 23 0 0.14 0 1 12:00am W1018.39 75 17 57.9 74.0 5:12pm 48.7 4:44am 17 2 0.06 0 10 4:12pm W1018.74 68 18 63.5 84.1 4:08pm 45.3 6:15am 13 6 0.00 0 10 12:00am W1016.76 49 19 69.8 88.4 4:56pm 53.0 7:34am 9 8 0.00 0 10 12:00am WSW1016.25 39 20 71.6 88.4 2:23pm 56.7 5:29am 7 9 0.00 0 10 12:00am WSW1015.70 45 21 74.7 90.2 4:21pm 62.2 3:07am 5 11 0.00 0 10 12:00am WSW1015.12 40 22 75.7 92.7 3:50pm 59.1 6:19am 5 12 0.00 0 10 12:00am W1015.71 44 23 77.7 95.2 4:11pm 63.3 5:47am 4 14 0.00 0 10 12:00am W1014.42 47 24 71.2 84.5 1:44pm 56.7 11:55pm 6 8 0.00 0 10 12:00am W1009.60 49 25 51.0 58.3 11:59am 48.3 4:55am 12 0 0.00 0 10 12:00am WSW1008.91 81 --------------------------------------------------------------------------------------- TOT 64.7 95.2 5/23/17 39.8 5/14/17 304 141 0.22 0 10 5/17/17 WSW1015.58 56 HEAT BASE: 75.0 COOL BASE: 64.0

Google



Contact Us | Mobile
Never base any life decisions on weather information from this site or anywhere over the Internet.
This site is dedicated to our Lord and Savior Jesus Christ | Random Jesus Quotes (KJV)

Copyright © 2017 El Dorado Weather, Inc. | Site Designed By:  El Dorado Weather
LightningRing