World Forecast Directory
El Dorado Weather Logo
U.S. Color IR Sat North America Color Background Satellite Thumb
Norcal Dual-Pol Radar Live Northern California Doppler Radar Thumbnail Image
Pacific NW Visible Sat Regional U.S. Radar
Pacific NW Radar Regional U.S. Radar
Storm Cell Tracking Live Northern California Radar and Satellite Thumbnail Image
Street Level Radar Live U.S. Google Map Radar Thumbnail Image
Live Lightning Radar Placerville California Lightning Detection Radar Thumbnail Image
Live Streaming Webcam Placerville California Live Streaming WebCam Thumbnail Image
Local Wx Station Data Sacramento, Northern Sierra Nevada & the Motherlode Area Current Weather Conditions

NOAA Climate Report From: Placerville, Ca. Weather Station (EDWPC)

Archives below start from 6/22/2006 to the present:
2017: Jan | Feb | Mar | Apr | May | Jun | Jul | Aug | Sep | Oct | Nov | Dec 
2016: Jan | Feb | Mar | Apr | May | Jun | Jul | Aug | Sep | Oct | Nov | Dec 
2015: Jan | Feb | Mar | Apr | May | Jun | Jul | Aug | Sep | Oct | Nov | Dec 
2014: Jan | Feb | Mar | Apr | May | Jun | Jul | Aug | Sep | Oct | Nov | Dec 
2013: Jan | Feb | Mar | Apr | May | Jun | Jul | Aug | Sep | Oct | Nov | Dec 
2012: Jan | Feb | Mar | Apr | May | Jun | Jul | Aug | Sep | Oct | Nov | Dec 
2011: Jan | Feb | Mar | Apr | May | Jun | Jul | Aug | Sep | Oct | Nov | Dec 
2010: Jan | Feb | Mar | Apr | May | Jun | Jul | Aug | Sep | Oct | Nov | Dec 
2009: Jan | Feb | Mar | Apr | May | Jun | Jul | Aug | Sep | Oct | Nov | Dec 
2008: Jan | Feb | Mar | Apr | May | Jun | Jul | Aug | Sep | Oct | Nov | Dec 
2007: Jan | Feb | Mar | Apr | May | Jun | Jul | Aug | Sep | Oct | Nov | Dec 
 2006: Jan | Feb | Mar | Apr | May | Jun | Jul | Aug | Sep | Oct | Nov | Dec 

Report for 2017 10 MONTHLY CLIMATOLOGICAL SUMMARY FOR 10/2017 HEAT COOL MEAN DEG DEG WIND SPEED DOM MEAN MEAN DAY TEMP HIGH TIME LOW TIME DAYS DAYS RAIN AVG HI TIME DIR BAROM HUM --------------------------------------------------------------------------------------- 1 63.3 79.3 2:48pm 51.7 7:41am 12 4 0.00 0 1 12:00am NW1013.97 43 2 59.0 76.1 2:33pm 46.1 6:57am 16 3 0.00 0 6 10:31am W1011.85 32 3 59.8 77.6 2:30pm 49.5 2:05am 15 2 0.00 0 3 12:00am SSE1012.57 32 4 60.8 78.6 2:46pm 48.1 3:01am 15 4 0.00 0 3 12:00am WNW1020.34 35 5 62.0 81.3 2:17pm 47.9 7:25am 14 5 0.00 0 3 12:00am W1018.97 36 6 66.1 87.3 2:36pm 52.2 6:45am 11 7 0.00 0 3 12:00am W1018.96 29 7 68.5 87.8 2:31pm 56.3 7:49am 9 7 0.00 0 3 12:00am WNW1014.74 31 8 65.5 80.4 2:42pm 53.5 7:46am 10 5 0.00 0 3 12:00am NW1011.17 29 9 65.7 82.1 1:58pm 51.9 7:53am 10 5 0.00 0 3 12:00am W1015.18 21 10 64.9 82.4 1:56pm 53.4 4:16am 11 5 0.00 0 3 12:00am W1016.10 27 11 57.2 70.5 1:59pm 45.3 11:59pm 18 1 0.00 0 3 12:00am NW1016.56 33 12 54.5 73.0 2:30pm 41.4 7:05am 20 2 0.00 0 3 12:00am NW1020.39 41 13 57.5 77.1 2:01pm 43.9 7:45am 18 3 0.00 0 0 12:00am NNW1021.92 30 14 57.2 75.2 2:40pm 43.1 8:00am 18 2 0.00 0 0 12:00am W1022.28 32 15 63.8 85.6 2:21pm 49.9 7:46am 13 6 0.00 0 0 12:00am W1023.74 26 16 66.5 86.5 1:20pm 54.4 7:21am 11 6 0.00 0 0 12:00am W1022.72 23 17 65.4 84.7 1:53pm 54.9 6:45am 11 5 0.00 0 0 12:00am WNW1021.22 28 18 63.2 85.0 2:19pm 49.8 7:57am 13 5 0.00 0 0 12:00am W1018.85 30 19 57.5 72.7 2:35pm 47.0 6:06am 17 1 0.03 0 6 12:00pm W1016.08 53 --------------------------------------------------------------------------------------- TOT 62.0 87.8 10/7/17 41.4 10/12/17 264 77 0.03 0 6 10/2/17 W1017.80 32 HEAT BASE: 75.0 COOL BASE: 64.0

Google



Contact Us | Mobile
Never base any life decisions on weather information from this site or anywhere over the Internet.
Site is dedicated to our Lord & Savior Jesus Christ (Yeshua Messiah) | Random Quotes

Copyright © 2017 El Dorado Weather, Inc. | Site Designed By:  El Dorado Weather
LightningRing