World Forecast Directory
El Dorado Weather Logo
U.S. Color IR Sat North America Color Background Satellite Thumb
Norcal Dual-Pol Radar Live Northern California Doppler Radar Thumbnail Image
Pacific NW Visible Sat Regional U.S. Radar
Pacific NW Radar Regional U.S. Radar
Storm Cell Tracking Live Northern California Radar and Satellite Thumbnail Image
Street Level Radar Live U.S. Google Map Radar Thumbnail Image
Live Lightning Radar Placerville California Lightning Detection Radar Thumbnail Image
Live Streaming Webcam Placerville California Live Streaming WebCam Thumbnail Image
Local Wx Station Data Sacramento, Northern Sierra Nevada & the Motherlode Area Current Weather Conditions

NOAA Climate Report From: Placerville, Ca. Weather Station (EDWPC)

Archives below start from 6/22/2006 to the present:
2018: Jan | Feb | Mar | Apr | May | Jun | Jul | Aug | Sep | Oct | Nov | Dec 
2017: Jan | Feb | Mar | Apr | May | Jun | Jul | Aug | Sep | Oct | Nov | Dec 
2016: Jan | Feb | Mar | Apr | May | Jun | Jul | Aug | Sep | Oct | Nov | Dec 
2015: Jan | Feb | Mar | Apr | May | Jun | Jul | Aug | Sep | Oct | Nov | Dec 
2014: Jan | Feb | Mar | Apr | May | Jun | Jul | Aug | Sep | Oct | Nov | Dec 
2013: Jan | Feb | Mar | Apr | May | Jun | Jul | Aug | Sep | Oct | Nov | Dec 
2012: Jan | Feb | Mar | Apr | May | Jun | Jul | Aug | Sep | Oct | Nov | Dec 
2011: Jan | Feb | Mar | Apr | May | Jun | Jul | Aug | Sep | Oct | Nov | Dec 
2010: Jan | Feb | Mar | Apr | May | Jun | Jul | Aug | Sep | Oct | Nov | Dec 
2009: Jan | Feb | Mar | Apr | May | Jun | Jul | Aug | Sep | Oct | Nov | Dec 
2008: Jan | Feb | Mar | Apr | May | Jun | Jul | Aug | Sep | Oct | Nov | Dec 
2007: Jan | Feb | Mar | Apr | May | Jun | Jul | Aug | Sep | Oct | Nov | Dec 
 2006: Jan | Feb | Mar | Apr | May | Jun | Jul | Aug | Sep | Oct | Nov | Dec 

Report for 2018 02 MONTHLY CLIMATOLOGICAL SUMMARY FOR 2/2018 HEAT COOL MEAN DEG DEG WIND SPEED DOM MEAN MEAN DAY TEMP HIGH TIME LOW TIME DAYS DAYS RAIN AVG HI TIME DIR BAROM HUM --------------------------------------------------------------------------------------- 1 55.0 71.2 1:22pm 46.3 1:02am 20 1 0.00 0 2 12:00am NNW1022.88 69 2 54.9 72.9 1:56pm 44.5 7:28am 20 1 0.00 0 0 12:00am N1024.77 73 3 55.7 73.3 1:54pm 44.3 5:30am 19 2 0.00 0 0 12:00am N1024.40 69 4 56.5 74.2 2:00pm 46.2 7:24am 18 2 0.00 0 0 12:00am W1022.96 69 5 56.1 72.8 1:58pm 45.8 7:30am 19 2 0.00 0 0 12:00am W1020.12 63 6 54.4 71.9 1:52pm 43.6 7:34am 21 1 0.00 0 0 12:00am W1021.46 59 7 56.9 75.2 2:00pm 45.3 7:19am 18 2 0.00 0 0 12:00am NW1027.42 58 8 57.7 75.8 1:41pm 46.5 6:59am 17 2 0.00 0 0 12:00am W1025.34 57 9 56.4 73.7 2:02pm 46.1 5:20am 19 2 0.00 0 0 12:00am W1020.70 60 10 52.6 65.5 12:36pm 44.7 7:31am 22 0 0.00 0 0 12:00am WNW1016.77 51 11 47.3 56.4 2:25pm 37.8 11:56pm 28 0 0.00 0 0 12:00am W1015.05 52 12 44.2 56.6 1:24pm 36.2 2:15am 31 0 0.00 0 3 10:20am W1015.08 66 13 48.7 63.7 12:50pm 38.4 8:01am 26 0 0.00 0 1 12:00am W1023.69 42 14 47.8 61.5 2:06pm 38.2 6:55am 27 0 0.00 0 1 12:00am W1024.76 50 15 45.8 63.2 2:06pm 33.1 4:30am 29 0 0.00 0 1 12:00am NNW1027.22 56 16 48.0 65.7 2:04pm 36.6 4:23am 27 0 0.00 0 1 12:00am W1026.93 53 17 50.7 67.8 1:59pm 38.8 6:53am 24 1 0.00 0 1 12:00am W1023.36 59 18 44.2 53.2 1:28pm 32.8 11:58pm 31 0 0.00 0 4 3:04pm W1016.27 69 19 35.5 48.6 1:24pm 27.8 7:37am 38 0 0.00 0 0 12:00am W1019.20 65 --------------------------------------------------------------------------------------- TOT 51.0 75.8 2/8/18 27.8 2/19/18 455 16 0.00 0 4 2/18/18 W1022.03 60 HEAT BASE: 75.0 COOL BASE: 64.0

Google



Contact Us | Mobile
Never base any life decisions on weather information from this site or anywhere over the Internet.
Site is dedicated to our Lord & Savior Jesus Christ (Yeshua Messiah) | Random Quotes

Copyright © 2018 El Dorado Weather, Inc. | Site Designed By:  El Dorado Weather