World Forecast Directory
El Dorado Weather Logo
U.S. Color IR Sat North America Color Background Satellite Thumb
Norcal Dual-Pol Radar Live Northern California Doppler Radar Thumbnail Image
Pacific NW Visible Sat Regional U.S. Radar
Pacific NW Radar Regional U.S. Radar
Storm Cell Tracking Live Northern California Radar and Satellite Thumbnail Image
Street Level Radar Live U.S. Google Map Radar Thumbnail Image
Live Lightning Radar Placerville California Lightning Detection Radar Thumbnail Image
Live Streaming Webcam Placerville California Live Streaming WebCam Thumbnail Image
Local Wx Station Data Sacramento, Northern Sierra Nevada & the Motherlode Area Current Weather Conditions

NOAA Climate Report From: Placerville, Ca. Weather Station (EDWPC)

Archives below start from 6/22/2006 to the present:
2017: Jan | Feb | Mar | Apr | May | Jun | Jul | Aug | Sep | Oct | Nov | Dec 
2016: Jan | Feb | Mar | Apr | May | Jun | Jul | Aug | Sep | Oct | Nov | Dec 
2015: Jan | Feb | Mar | Apr | May | Jun | Jul | Aug | Sep | Oct | Nov | Dec 
2014: Jan | Feb | Mar | Apr | May | Jun | Jul | Aug | Sep | Oct | Nov | Dec 
2013: Jan | Feb | Mar | Apr | May | Jun | Jul | Aug | Sep | Oct | Nov | Dec 
2012: Jan | Feb | Mar | Apr | May | Jun | Jul | Aug | Sep | Oct | Nov | Dec 
2011: Jan | Feb | Mar | Apr | May | Jun | Jul | Aug | Sep | Oct | Nov | Dec 
2010: Jan | Feb | Mar | Apr | May | Jun | Jul | Aug | Sep | Oct | Nov | Dec 
2009: Jan | Feb | Mar | Apr | May | Jun | Jul | Aug | Sep | Oct | Nov | Dec 
2008: Jan | Feb | Mar | Apr | May | Jun | Jul | Aug | Sep | Oct | Nov | Dec 
2007: Jan | Feb | Mar | Apr | May | Jun | Jul | Aug | Sep | Oct | Nov | Dec 
 2006: Jan | Feb | Mar | Apr | May | Jun | Jul | Aug | Sep | Oct | Nov | Dec 

Report for 2017 04 MONTHLY CLIMATOLOGICAL SUMMARY FOR 4/2017 HEAT COOL MEAN DEG DEG WIND SPEED DOM MEAN MEAN DAY TEMP HIGH TIME LOW TIME DAYS DAYS RAIN AVG HI TIME DIR BAROM HUM --------------------------------------------------------------------------------------- 1 57.8 75.6 4:53pm 43.3 7:05am 17 2 0.00 0 1 12:00am SW1019.20 56 2 61.5 77.3 2:29pm 49.7 7:22am 13 3 0.00 0 1 12:59am WNW1017.93 56 3 56.7 72.9 4:32pm 42.9 7:08am 18 2 0.00 0 1 12:00am WNW1016.57 55 4 59.3 75.0 2:51pm 48.2 2:39am 16 2 0.00 0 1 12:00am WSW1019.10 52 5 60.8 74.2 1:18pm 51.6 7:09am 14 2 0.00 0 1 12:00am WSW1019.34 59 6 53.6 60.7 1:42pm 48.4 11:59pm 21 0 1.06 0 3 12:29pm SE1014.95 68 7 50.5 57.5 4:13pm 45.5 6:36am 25 0 0.81 1 3 12:00am WSW1014.03 86 8 44.0 49.5 12:00am 38.0 11:57pm 31 0 0.78 0 3 12:00am WSW1021.28 86 9 46.7 63.6 2:39pm 34.1 6:35am 28 0 0.00 0 3 12:00am WSW1025.95 68 10 51.9 68.4 4:01pm 37.9 6:15am 23 1 0.00 0 3 12:00am W1024.58 62 11 53.7 61.6 2:57pm 46.7 12:15am 21 0 0.00 0 3 12:00am WSW1019.15 68 12 53.0 60.5 1:44pm 48.8 6:23am 22 0 0.45 0 3 12:00am WSW1017.46 84 13 48.2 53.8 4:29pm 43.3 11:57pm 27 0 0.72 0 0 12:00am WSW1019.36 87 14 48.5 64.6 3:47pm 35.6 7:14am 27 0 0.00 0 0 12:00am W1024.75 68 15 52.9 69.8 2:32pm 38.6 6:27am 22 1 0.00 0 0 12:00am WSW1020.92 64 16 52.2 63.8 11:00am 45.6 5:00am 23 0 0.45 0 0 12:00am WSW1017.96 79 17 53.1 56.7 12:55pm 50.0 11:52pm 22 0 0.33 0 0 12:00am WSW1020.36 92 18 54.6 66.7 4:19pm 48.3 11:55pm 20 0 0.24 0 0 12:00am WSW1022.19 82 19 54.3 66.7 3:49pm 42.3 7:17am 21 0 0.00 0 0 12:00am WSW1026.43 69 20 55.6 69.3 5:01pm 46.6 7:39am 19 1 0.05 0 3 12:04pm WSW1027.67 70 21 59.0 78.2 3:18pm 43.8 4:35am 16 4 0.00 0 0 12:00am WSW1021.87 60 22 58.2 68.7 2:39pm 48.0 7:22am 17 1 0.00 0 0 12:00am WSW1018.66 66 23 56.8 70.3 4:52pm 46.3 7:46am 18 1 0.00 0 0 12:00am WSW1017.44 69 24 51.8 58.3 1:25pm 46.4 7:40am 23 0 0.08 0 0 12:00am WSW1019.76 81 25 56.4 69.4 3:19pm 45.0 6:43am 19 1 0.00 0 0 12:00am WSW1020.37 68 --------------------------------------------------------------------------------------- TOT 54.0 78.2 4/21/17 34.1 4/9/17 524 21 4.97 0 3 4/6/17 WSW1020.26 70 HEAT BASE: 75.0 COOL BASE: 64.0

Google



Contact Us | Mobile
Never base any life decisions on weather information from this site or anywhere over the Internet.
This site is dedicated to our Lord and Savior Jesus Christ | Random Jesus Quotes (KJV)

Copyright © 2017 El Dorado Weather, Inc. | Site Designed By:  El Dorado Weather
LightningRing